{"id":920,"date":"2026-02-08T12:41:48","date_gmt":"2026-02-08T11:41:48","guid":{"rendered":"https:\/\/www.soekeland-galerie.de\/?page_id=920"},"modified":"2026-02-08T12:41:49","modified_gmt":"2026-02-08T11:41:49","slug":"kaltes-laecheln","status":"publish","type":"page","link":"https:\/\/www.soekeland-galerie.de\/index.php\/kaltes-laecheln\/","title":{"rendered":"Kaltes L\u00e4cheln"},"content":{"rendered":"\n<figure class=\"wp-block-image size-full\"><img loading=\"lazy\" decoding=\"async\" width=\"1000\" height=\"634\" src=\"https:\/\/www.soekeland-galerie.de\/wp-content\/uploads\/2026\/02\/kaltes-laecheln.jpg\" alt=\"Kaltes L\u00e4cheln\" class=\"wp-image-921\" srcset=\"https:\/\/www.soekeland-galerie.de\/wp-content\/uploads\/2026\/02\/kaltes-laecheln.jpg 1000w, https:\/\/www.soekeland-galerie.de\/wp-content\/uploads\/2026\/02\/kaltes-laecheln-300x190.jpg 300w, https:\/\/www.soekeland-galerie.de\/wp-content\/uploads\/2026\/02\/kaltes-laecheln-768x487.jpg 768w\" sizes=\"auto, (max-width: 1000px) 100vw, 1000px\" \/><figcaption class=\"wp-element-caption\"><strong>Kaltes L\u00e4cheln<\/strong><br>\u00d6l, Acryl auf Tarnstoff, zweiteilig, 92 x 144 cm, 2026<\/figcaption><\/figure>\n\n\n\n<p>Wenn Bewusstsein mit Maschinen verschmilzt, programmiert von Algorithmen und k\u00fcnstlichen Bewusstseins-Systemen, verliert die Seele W\u00e4rme und Mitgef\u00fchl \u2013 Warnung nach John C. Lilly<\/p>\n","protected":false},"excerpt":{"rendered":"<p>Wenn Bewusstsein mit Maschinen verschmilzt, programmiert von Algorithmen und k\u00fcnstlichen Bewusstseins-Systemen, verliert die Seele W\u00e4rme und Mitgef\u00fchl \u2013 Warnung nach John C. Lilly<\/p>\n","protected":false},"author":1,"featured_media":0,"parent":0,"menu_order":0,"comment_status":"closed","ping_status":"closed","template":"","meta":{"ngg_post_thumbnail":0,"footnotes":""},"class_list":["post-920","page","type-page","status-publish"],"jetpack_sharing_enabled":true,"_links":{"self":[{"href":"https:\/\/www.soekeland-galerie.de\/index.php\/wp-json\/wp\/v2\/pages\/920","targetHints":{"allow":["GET"]}}],"collection":[{"href":"https:\/\/www.soekeland-galerie.de\/index.php\/wp-json\/wp\/v2\/pages"}],"about":[{"href":"https:\/\/www.soekeland-galerie.de\/index.php\/wp-json\/wp\/v2\/types\/page"}],"author":[{"embeddable":true,"href":"https:\/\/www.soekeland-galerie.de\/index.php\/wp-json\/wp\/v2\/users\/1"}],"replies":[{"embeddable":true,"href":"https:\/\/www.soekeland-galerie.de\/index.php\/wp-json\/wp\/v2\/comments?post=920"}],"version-history":[{"count":1,"href":"https:\/\/www.soekeland-galerie.de\/index.php\/wp-json\/wp\/v2\/pages\/920\/revisions"}],"predecessor-version":[{"id":922,"href":"https:\/\/www.soekeland-galerie.de\/index.php\/wp-json\/wp\/v2\/pages\/920\/revisions\/922"}],"wp:attachment":[{"href":"https:\/\/www.soekeland-galerie.de\/index.php\/wp-json\/wp\/v2\/media?parent=920"}],"curies":[{"name":"wp","href":"https:\/\/api.w.org\/{rel}","templated":true}]}}

Kaltes Lächeln

<figure class="wp-block-image size-full"><img loading="lazy" decoding="async" width="1000" height="634" src="https://www.soekeland-galerie.de/wp-content/uploads/2026/02/kaltes-laecheln.jpg" alt="Kaltes Lächeln" class="wp-image-921" srcset="https://www.soekeland-galerie.de/wp-content/uploads/2026/02/kaltes-laecheln.jpg 1000w, https://www.soekeland-galerie.de/wp-content/uploads/2026/02/kaltes-laecheln-300x190.jpg 300w, https://www.soekeland-galerie.de/wp-content/uploads/2026/02/kaltes-laecheln-768x487.jpg 768w" sizes="auto, (max-width: 1000px) 100vw, 1000px" /><figcaption class="wp-element-caption"><strong>Kaltes Lächeln</strong><br>Öl, Acryl auf Tarnstoff, zweiteilig, 92 x 144 cm, 2026</figcaption></figure>



<p>Wenn Bewusstsein mit Maschinen verschmilzt, programmiert von Algorithmen und künstlichen Bewusstseins-Systemen, verliert die Seele Wärme und Mitgefühl – Warnung nach John C. Lilly</p>

<p>Wenn Bewusstsein mit Maschinen verschmilzt, programmiert von Algorithmen und künstlichen Bewusstseins-Systemen, verliert die Seele Wärme und Mitgefühl – Warnung nach John C. Lilly</p>
