{"id":51,"date":"2022-02-16T19:10:59","date_gmt":"2022-02-16T18:10:59","guid":{"rendered":"http:\/\/www.soekeland-galerie.de\/?page_id=51"},"modified":"2024-08-06T18:23:05","modified_gmt":"2024-08-06T16:23:05","slug":"kontakt","status":"publish","type":"page","link":"https:\/\/www.soekeland-galerie.de\/index.php\/kontakt\/","title":{"rendered":"Kontakt"},"content":{"rendered":"\n<p>Benno S\u00f6keland<br>Dipl.-Designer<\/p>\n\n\n\n<p>Sch\u00fcrenstra\u00dfe 16<br>48336 Sassenberg<\/p>\n\n\n\n<p>Telefon 02583 9188320<br>Mobil 0160 2013824<\/p>\n\n\n\n<p>S\u00f6keland Werbung | Design\u00a0\u00a9 2024<br>E-Mail\u00a0<a href=\"mailto:info@soekeland.de\">info@soekeland.de<\/a><br>Website\u00a0<a href=\"http:\/\/www.soekeland.de\/\" target=\"_blank\" rel=\"noreferrer noopener\">www.soekeland.de<\/a><\/p>\n\n\n\n<p><\/p>\n","protected":false},"excerpt":{"rendered":"<p>Benno S\u00f6kelandDipl.-Designer Sch\u00fcrenstra\u00dfe 1648336 Sassenberg Telefon 02583 9188320Mobil 0160 2013824 S\u00f6keland Werbung | Design\u00a0\u00a9 2024E-Mail\u00a0info@soekeland.deWebsite\u00a0www.soekeland.de<\/p>\n","protected":false},"author":1,"featured_media":0,"parent":0,"menu_order":0,"comment_status":"closed","ping_status":"closed","template":"","meta":{"ngg_post_thumbnail":0,"footnotes":""},"class_list":["post-51","page","type-page","status-publish"],"jetpack_sharing_enabled":true,"_links":{"self":[{"href":"https:\/\/www.soekeland-galerie.de\/index.php\/wp-json\/wp\/v2\/pages\/51","targetHints":{"allow":["GET"]}}],"collection":[{"href":"https:\/\/www.soekeland-galerie.de\/index.php\/wp-json\/wp\/v2\/pages"}],"about":[{"href":"https:\/\/www.soekeland-galerie.de\/index.php\/wp-json\/wp\/v2\/types\/page"}],"author":[{"embeddable":true,"href":"https:\/\/www.soekeland-galerie.de\/index.php\/wp-json\/wp\/v2\/users\/1"}],"replies":[{"embeddable":true,"href":"https:\/\/www.soekeland-galerie.de\/index.php\/wp-json\/wp\/v2\/comments?post=51"}],"version-history":[{"count":3,"href":"https:\/\/www.soekeland-galerie.de\/index.php\/wp-json\/wp\/v2\/pages\/51\/revisions"}],"predecessor-version":[{"id":448,"href":"https:\/\/www.soekeland-galerie.de\/index.php\/wp-json\/wp\/v2\/pages\/51\/revisions\/448"}],"wp:attachment":[{"href":"https:\/\/www.soekeland-galerie.de\/index.php\/wp-json\/wp\/v2\/media?parent=51"}],"curies":[{"name":"wp","href":"https:\/\/api.w.org\/{rel}","templated":true}]}}