{"id":12,"date":"2022-02-14T19:03:41","date_gmt":"2022-02-14T18:03:41","guid":{"rendered":"http:\/\/www.soekeland-galerie.de\/?page_id=12"},"modified":"2024-08-06T19:32:04","modified_gmt":"2024-08-06T17:32:04","slug":"aktuelles","status":"publish","type":"page","link":"https:\/\/www.soekeland-galerie.de\/index.php\/aktuelles\/","title":{"rendered":"Curriculum Vitae"},"content":{"rendered":"\n<figure class=\"wp-block-table\"><table><tbody><tr><td>1956<\/td><td>in Warendorf geboren<\/td><\/tr><tr><td>1968-75<\/td><td>Aufbaugymnasium in Warendorf<\/td><\/tr><tr><td>1972<\/td><td>erste Zeichnungen, Aquarelle<\/td><\/tr><tr><td>1974<\/td><td>erste Bilder in \u00d6l, Einflu\u00df durch Surrealismus<\/td><\/tr><tr><td>1976-82<\/td><td>Studium der Visuellen Kommunikation<br>Fachhochschule in Bielefeld, Fachbereich Design,<br>Schwerpunkt Illustration bei Prof. Karl-Heinz Meyer<br>Malerei bei Prof. Inge D\u00f6rries-H\u00f6her, Klaus Singhoff<\/td><\/tr><tr><td>1982<\/td><td>Abschlu\u00df als Diplom Designer<\/td><\/tr><tr><td>1982-83<\/td><td>Zivildienst, St. Josef-Stift, Sendenhorst<\/td><\/tr><tr><td>1983-84<\/td><td>freiberuflicher Designer<\/td><\/tr><tr><td>1985<\/td><td>Werbeagentur Akut-Werbung, Dortmund<\/td><\/tr><tr><td>1986-98<\/td><td>Werbeagentur WKW M\u00fcnster, Emsdetten<\/td><\/tr><tr><td>1998<\/td><td>S\u00f6keland Werbung | Design, Gr\u00fcndung in Beckum<\/td><\/tr><tr><td>2001-heute<\/td><td>S\u00f6keland Werbung | Design, Umzug nach Sassenberg<\/td><\/tr><tr><td>2008<\/td><td>Workshop \u201eInterference \u2013 \u00fcberlagernde Farben\u201c mit<br>Marc Anckaert, Barentin Frankreich, \u201eauf europ\u00e4ische Art\u201c<br>K\u00fcnstler aus den Partnerst\u00e4dten in Warendorf<\/td><\/tr><tr><td>2009<\/td><td> Reise mit Ausstellung mit Kunstkreis Warendorf nach Petersfield, England<\/td><\/tr><tr><td>2013<\/td><td>Workshop \u201eJapanische Tuschemalerei\u201c mit Naomi Okamoto, Kunstkreis Warendorf<\/td><\/tr><tr><td>2013<\/td><td>Reise nach Orleans mit pART 96, Frankreich<\/td><\/tr><tr><td>2013<\/td><td>Workshop \u201eVon der perspektivischen Zeichnung zur Abstraktion\u201c mit Rainer Bauer, Kunstkreis Warendorf<\/td><\/tr><tr><td>2017<\/td><td>Reise nach Monastir, Tunesien,<br>Teilnahme am \u201eInternational Festival Of Fine Art Monastir\u201c<\/td><\/tr><tr><td><\/td><td><\/td><\/tr><tr><td><\/td><td><strong>Awards<\/strong><\/td><\/tr><tr><td>2016<\/td><td>Venezia in Arte \u2013 Casanova Award, Italien<\/td><\/tr><tr><td><\/td><td><\/td><\/tr><tr><td><\/td><td><strong>Mitgliedschaften<\/strong><\/td><\/tr><tr><td>2010<\/td><td>pART 96 e.V. K\u00fcnstlergemeinschaft M\u00fcnster<\/td><\/tr><tr><td>2005<\/td><td>Stadtprojekt Sassenberg e.V. (2008 Kulturverein Sassenberg)<\/td><\/tr><tr><td>1997-2022<\/td><td>AGD Allianz Deutscher Designer<\/td><\/tr><tr><td>1976<\/td><td>Kunstkreis Warendorf e.V.<\/td><\/tr><tr><td><\/td><td><\/td><\/tr><tr><td><\/td><td><strong>\u00d6ffentliche Ank\u00e4ufe<\/strong><\/td><\/tr><tr><td>2016<\/td><td>Stadtwerke Warendorf GmbH<\/td><\/tr><\/tbody><\/table><\/figure>\n","protected":false},"excerpt":{"rendered":"<p>1956 in Warendorf geboren 1968-75 Aufbaugymnasium in Warendorf 1972 erste Zeichnungen, Aquarelle 1974 erste Bilder in \u00d6l, Einflu\u00df durch Surrealismus 1976-82 Studium der Visuellen KommunikationFachhochschule in Bielefeld, Fachbereich Design,Schwerpunkt Illustration bei Prof. Karl-Heinz MeyerMalerei bei Prof. Inge D\u00f6rries-H\u00f6her, Klaus Singhoff 1982 Abschlu\u00df als Diplom Designer 1982-83 Zivildienst, St. Josef-Stift, Sendenhorst 1983-84 freiberuflicher Designer 1985 Werbeagentur &#8230; <a title=\"Curriculum Vitae\" class=\"read-more\" href=\"https:\/\/www.soekeland-galerie.de\/index.php\/aktuelles\/\" aria-label=\"Mehr Informationen \u00fcber Curriculum Vitae\">Weiterlesen<\/a><\/p>\n","protected":false},"author":1,"featured_media":0,"parent":0,"menu_order":0,"comment_status":"closed","ping_status":"closed","template":"","meta":{"ngg_post_thumbnail":0,"footnotes":""},"class_list":["post-12","page","type-page","status-publish"],"jetpack_sharing_enabled":true,"_links":{"self":[{"href":"https:\/\/www.soekeland-galerie.de\/index.php\/wp-json\/wp\/v2\/pages\/12","targetHints":{"allow":["GET"]}}],"collection":[{"href":"https:\/\/www.soekeland-galerie.de\/index.php\/wp-json\/wp\/v2\/pages"}],"about":[{"href":"https:\/\/www.soekeland-galerie.de\/index.php\/wp-json\/wp\/v2\/types\/page"}],"author":[{"embeddable":true,"href":"https:\/\/www.soekeland-galerie.de\/index.php\/wp-json\/wp\/v2\/users\/1"}],"replies":[{"embeddable":true,"href":"https:\/\/www.soekeland-galerie.de\/index.php\/wp-json\/wp\/v2\/comments?post=12"}],"version-history":[{"count":4,"href":"https:\/\/www.soekeland-galerie.de\/index.php\/wp-json\/wp\/v2\/pages\/12\/revisions"}],"predecessor-version":[{"id":157,"href":"https:\/\/www.soekeland-galerie.de\/index.php\/wp-json\/wp\/v2\/pages\/12\/revisions\/157"}],"wp:attachment":[{"href":"https:\/\/www.soekeland-galerie.de\/index.php\/wp-json\/wp\/v2\/media?parent=12"}],"curies":[{"name":"wp","href":"https:\/\/api.w.org\/{rel}","templated":true}]}}

<figure class="wp-block-table"><table><tbody><tr><td>1956</td><td>in Warendorf geboren</td></tr><tr><td>1968-75</td><td>Aufbaugymnasium in Warendorf</td></tr><tr><td>1972</td><td>erste Zeichnungen, Aquarelle</td></tr><tr><td>1974</td><td>erste Bilder in Öl, Einfluß durch Surrealismus</td></tr><tr><td>1976-82</td><td>Studium der Visuellen Kommunikation<br>Fachhochschule in Bielefeld, Fachbereich Design,<br>Schwerpunkt Illustration bei Prof. Karl-Heinz Meyer<br>Malerei bei Prof. Inge Dörries-Höher, Klaus Singhoff</td></tr><tr><td>1982</td><td>Abschluß als Diplom Designer</td></tr><tr><td>1982-83</td><td>Zivildienst, St. Josef-Stift, Sendenhorst</td></tr><tr><td>1983-84</td><td>freiberuflicher Designer</td></tr><tr><td>1985</td><td>Werbeagentur Akut-Werbung, Dortmund</td></tr><tr><td>1986-98</td><td>Werbeagentur WKW Münster, Emsdetten</td></tr><tr><td>1998</td><td>Sökeland Werbung | Design, Gründung in Beckum</td></tr><tr><td>2001-heute</td><td>Sökeland Werbung | Design, Umzug nach Sassenberg</td></tr><tr><td>2008</td><td>Workshop „Interference – überlagernde Farben“ mit<br>Marc Anckaert, Barentin Frankreich, „auf europäische Art“<br>Künstler aus den Partnerstädten in Warendorf</td></tr><tr><td>2009</td><td> Reise mit Ausstellung mit Kunstkreis Warendorf nach Petersfield, England</td></tr><tr><td>2013</td><td>Workshop „Japanische Tuschemalerei“ mit Naomi Okamoto, Kunstkreis Warendorf</td></tr><tr><td>2013</td><td>Reise nach Orleans mit pART 96, Frankreich</td></tr><tr><td>2013</td><td>Workshop „Von der perspektivischen Zeichnung zur Abstraktion“ mit Rainer Bauer, Kunstkreis Warendorf</td></tr><tr><td>2017</td><td>Reise nach Monastir, Tunesien,<br>Teilnahme am „International Festival Of Fine Art Monastir“</td></tr><tr><td></td><td></td></tr><tr><td></td><td><strong>Awards</strong></td></tr><tr><td>2016</td><td>Venezia in Arte – Casanova Award, Italien</td></tr><tr><td></td><td></td></tr><tr><td></td><td><strong>Mitgliedschaften</strong></td></tr><tr><td>2010</td><td>pART 96 e.V. Künstlergemeinschaft Münster</td></tr><tr><td>2005</td><td>Stadtprojekt Sassenberg e.V. (2008 Kulturverein Sassenberg)</td></tr><tr><td>1997-2022</td><td>AGD Allianz Deutscher Designer</td></tr><tr><td>1976</td><td>Kunstkreis Warendorf e.V.</td></tr><tr><td></td><td></td></tr><tr><td></td><td><strong>Öffentliche Ankäufe</strong></td></tr><tr><td>2016</td><td>Stadtwerke Warendorf GmbH</td></tr></tbody></table></figure>

<p>1956 in Warendorf geboren 1968-75 Aufbaugymnasium in Warendorf 1972 erste Zeichnungen, Aquarelle 1974 erste Bilder in Öl, Einfluß durch Surrealismus 1976-82 Studium der Visuellen KommunikationFachhochschule in Bielefeld, Fachbereich Design,Schwerpunkt Illustration bei Prof. Karl-Heinz MeyerMalerei bei Prof. Inge Dörries-Höher, Klaus Singhoff 1982 Abschluß als Diplom Designer 1982-83 Zivildienst, St. Josef-Stift, Sendenhorst 1983-84 freiberuflicher Designer 1985 Werbeagentur &#8230; <a title="Curriculum Vitae" class="read-more" href="https://www.soekeland-galerie.de/index.php/aktuelles/" aria-label="Mehr Informationen über Curriculum Vitae">Weiterlesen</a></p>
